{"id":950,"date":"2026-03-27T02:02:22","date_gmt":"2026-03-27T02:02:22","guid":{"rendered":"http:\/\/localhost:8888\/wordpress\/?product=bolsa-de-regalo-corazones-rustica"},"modified":"2026-03-27T17:45:16","modified_gmt":"2026-03-27T17:45:16","slug":"bolsa-de-regalo-corazones-rustica","status":"publish","type":"product","link":"https:\/\/dulceriaelparaiso.com\/?product=bolsa-de-regalo-corazones-rustica","title":{"rendered":"Bolsa de Regalo Corazones R\u00fastica"},"content":{"rendered":"<p>Bolsa decorativa con dise\u00f1o de corazones sobre fondo tipo tela r\u00fastica perfecta para regalos romanticos y detalles artesanales<\/p>\n","protected":false},"excerpt":{"rendered":"<p>Bolsa decorativa con dise\u00f1o de corazones sobre fondo tipo tela r\u00fastica perfecta para regalos romanticos y detalles artesanales<\/p>\n","protected":false},"featured_media":1046,"comment_status":"open","ping_status":"closed","template":"","meta":[],"product_brand":[],"product_cat":[68],"product_tag":[],"class_list":{"0":"post-950","1":"product","2":"type-product","3":"status-publish","4":"has-post-thumbnail","6":"product_cat-bolsas-de-regalo","8":"first","9":"instock","10":"shipping-taxable","11":"purchasable","12":"product-type-simple"},"_links":{"self":[{"href":"https:\/\/dulceriaelparaiso.com\/index.php?rest_route=\/wp\/v2\/product\/950","targetHints":{"allow":["GET"]}}],"collection":[{"href":"https:\/\/dulceriaelparaiso.com\/index.php?rest_route=\/wp\/v2\/product"}],"about":[{"href":"https:\/\/dulceriaelparaiso.com\/index.php?rest_route=\/wp\/v2\/types\/product"}],"replies":[{"embeddable":true,"href":"https:\/\/dulceriaelparaiso.com\/index.php?rest_route=%2Fwp%2Fv2%2Fcomments&post=950"}],"wp:featuredmedia":[{"embeddable":true,"href":"https:\/\/dulceriaelparaiso.com\/index.php?rest_route=\/wp\/v2\/media\/1046"}],"wp:attachment":[{"href":"https:\/\/dulceriaelparaiso.com\/index.php?rest_route=%2Fwp%2Fv2%2Fmedia&parent=950"}],"wp:term":[{"taxonomy":"product_brand","embeddable":true,"href":"https:\/\/dulceriaelparaiso.com\/index.php?rest_route=%2Fwp%2Fv2%2Fproduct_brand&post=950"},{"taxonomy":"product_cat","embeddable":true,"href":"https:\/\/dulceriaelparaiso.com\/index.php?rest_route=%2Fwp%2Fv2%2Fproduct_cat&post=950"},{"taxonomy":"product_tag","embeddable":true,"href":"https:\/\/dulceriaelparaiso.com\/index.php?rest_route=%2Fwp%2Fv2%2Fproduct_tag&post=950"}],"curies":[{"name":"wp","href":"https:\/\/api.w.org\/{rel}","templated":true}]}}